est common factor of 327339 and 6364?
37
What is the greatest common divisor of 13 and 26759759?
13
Calculate the highest common factor of 4368607 and 4579.
241
Calculate the greatest common divisor of 10291 and 62771.
41
What is the highest common factor of 72813 and 624?
39
What is the highest common factor of 1554 and 60018?
42
Calculate the greatest common divisor of 21595 and 3899.
7
Calculate the greatest common factor of 92303 and 106091.
383
Calculate the highest common factor of 13025 and 308525780.
2605
Calculate the highest common factor of 11791732 and 20100.
268
Calculate the greatest common divisor of 988 and 206076.
52
What is the highest common factor of 3141 and 69327?
9
Calculate the greatest common divisor of 8446730 and 25.
5
What is the greatest common factor of 660713515 and 110?
55
What is the greatest common divisor of 244719 and 9621?
9
What is the highest common divisor of 4286503 and 112904?
1283
Calculate the highest common factor of 102488 and 56.
8
Calculate the highest common divisor of 3605862 and 156.
78
What is the highest common divisor of 671289 and 11096?
19
Calculate the highest common divisor of 128 and 2132008.
8
Calculate the highest common divisor of 144041 and 289.
17
What is the greatest common factor of 155 and 853073965?
155
Calculate the highest common factor of 293490 and 38070.
270
What is the highest common factor of 25405488 and 59616?
1296
Calculate the greatest common divisor of 240380361 and 26.
13
What is the greatest common divisor of 417224 and 8956?
4
Calculate the highest common factor of 1013180 and 280.
140
What is the greatest common divisor of 20965385 and 830?
415
Calculate the greatest common divisor of 1463 and 19574807.
133
What is the greatest common divisor of 210098832 and 653?
653
Calculate the greatest common factor of 1350 and 153331164.
54
Calculate the highest common factor of 126 and 140705271.
63
What is the highest common divisor of 333983 and 30199?
299
Calculate the greatest common factor of 198648 and 44184.
24
Calculate the greatest common factor of 7183 and 836194579.
7183
What is the highest common divisor of 494 and 44960188?
26
Calculate the highest common factor of 47096 and 1775844.
812
Calculate the highest common divisor of 40 and 14217264.
8
Calculate the greatest common divisor of 4674 and 176588394.
4674
What is the greatest common factor of 692 and 1663049?
173
Calculate the highest common factor of 8028 and 373176.
36
Calculate the highest common factor of 413760 and 1840.
80
Calculate the highest common factor of 6154 and 917218.
34
What is the greatest common divisor of 23603368 and 12?
4
Calculate the greatest common divisor of 1033224610 and 220.
110
What is the highest common factor of 3030775 and 550?
275
What is the highest common divisor of 1099 and 14579491?
157
What is the greatest common factor of 18052 and 109504?
4
What is the highest common divisor of 1047861 and 692?
173
Calculate the greatest common divisor of 196505 and 18545.
5
Calculate the highest common divisor of 5691 and 6846.
21
Calculate the greatest common divisor of 186 and 1828266.
6
Calculate the greatest common factor of 1636440 and 72.
24
Calculate the highest common factor of 3263 and 285376.
13
Calculate the greatest common divisor of 1129084 and 999372.
2948
What is the greatest common factor of 39168630 and 1080?
270
Calculate the greatest common factor of 31889 and 5069636.
143
What is the greatest common divisor of 451400576 and 14628?
4876
What is the highest common factor of 1455986 and 567637?
581
Calculate the highest common factor of 94416 and 21829766.
3934
What is the highest common divisor of 8579705 and 314815?
3985
Calculate the greatest common factor of 467513 and 12773.
53
Calculate the greatest common factor of 14438181 and 92.
23
Calculate the highest common divisor of 25039302 and 2826.
942
Calculate the highest common factor of 2813814 and 54.
18
Calculate the greatest common factor of 286839 and 14249634.
3297
What is the greatest common divisor of 86925960 and 31680?
3960
Calculate the greatest common factor of 2166 and 77809218.
2166
Calculate the highest common factor of 2455717176 and 27.
27
Calculate the greatest common divisor of 899835587 and 301.
301
What is the greatest common divisor of 1183 and 9805523?
91
What is the highest common factor of 181959 and 13996953?
1389
Calculate the highest common divisor of 768180 and 10290.
210
Calculate the highest common divisor of 16604 and 291435780.
2372
What is the greatest common factor of 1254766 and 298?
2
What is the greatest common factor of 45 and 240444?
9
What is the greatest common factor of 1368 and 281403?
9
What is the highest common factor of 13312 and 218371072?
1024
What is the highest common divisor of 2840 and 145890?
10
Calculate the highest common factor of 216 and 460863.
27
Calculate the highest common factor of 9795 and 75685.
5
What is the highest common divisor of 21142476 and 2149?
307
Calculate the highest common factor of 12072 and 45176.
8
What is the highest common divisor of 5163 and 9952543?
1721
Calculate the highest common divisor of 903 and 1176798.
21
Calculate the greatest common factor of 148356 and 168948.
468
What is the highest common factor of 2592 and 6669540?
324
What is the greatest common factor of 22639 and 34?
1
What is the greatest common factor of 2 and 4069514?
2
What is the greatest common divisor of 81440177 and 35?
7
Calculate the greatest common divisor of 4872 and 51810066.
1218
What is the highest common divisor of 17833 and 1931209?
1049
Calculate the greatest common factor of 102753575 and 50.
25
Calculate the greatest common divisor of 3360 and 78685600.
1120
What is the highest common divisor of 1995690 and 930?
30
What is the greatest common divisor of 93281749 and 2279?
2279
What is the greatest common divisor of 5624 and 2294?
74
What is the greatest common factor of 10614876 and 36?
12
Calculate the highest common divisor of 1462 and 1230681.
17
Calculate the highest common factor of 5504419 and 949.
73
Calculate the greatest common factor of 750495 and 1005.
15
Calculate the greatest common factor of 5978 and 22499918.
98
Calculate the greatest common factor of 9784 and 8534094.
2446
What is the highest common divisor of 1352 and 903305?
169
Calculate the greatest common divisor of 2391242 and 139463.
1567
What is the highest common divisor of 48403638 and 23994?
774
Calculate the highest common divisor of 6304224 and 13540.
2708
What is the highest common divisor of 96259542 and 258?
258
What is the greatest common factor of 27 and 15688917?
27
What is the greatest common divisor of 340060 and 238630?
490
Calculate the highest common divisor of 40733644 and 42.
14
What is the greatest common divisor of 51240 and 17692745?
2135
What is the greatest common divisor of 58839 and 3927?
33
Calculate the highest common divisor of 7130175 and 1950.
975
What is the highest common factor of 4372812 and 55404?
2052
Calculate the greatest common divisor of 1797 and 67280279.
599
Calculate the highest common divisor of 11416 and 114435411.
1427
Calculate the highest common factor of 936 and 20573163.
117
What is the highest common factor of 7954344 and 168?
24
What is the highest common divisor of 226 and 190945140?
226
Calculate the highest common factor of 30736599 and 9.
3
What is the highest common factor of 617 and 298350967?
617
What is the greatest common factor of 8101474 and 19504?
2438
What is the highest common divisor of 196 and 106335733?
49
What is the greatest common divisor of 42925816 and 952?
136
Calculate the highest common divisor of 38912 and 406562.
38
Calculate the highest common divisor of 6 and 112765542.
6
What is the highest common factor of 10055400 and 100?
100
Calculate the greatest common divisor of 128449598 and 16286.
958
Calculate the highest common divisor of 1177 and 26214679.
107
Calculate the highest common divisor of 2361630 and 675.
15
Calculate the highest common factor of 506 and 15342932.
506
What is the greatest common divisor of 180687232 and 5632?
1408
What is the highest common factor of 37413642 and 24297?
1869
What is the greatest common divisor of 57401778 and 21?
21
What is the greatest co